{"id":20,"date":"2015-07-15T15:05:39","date_gmt":"2015-07-15T13:05:39","guid":{"rendered":"http:\/\/ferienhaus-aulendorf.info\/?page_id=20"},"modified":"2015-11-15T02:07:51","modified_gmt":"2015-11-15T01:07:51","slug":"gaestebuch","status":"publish","type":"page","link":"http:\/\/ferienhaus-aulendorf.info\/index.php\/gaestebuch\/","title":{"rendered":"G\u00e4stebuch"},"content":{"rendered":"<p>\u00dcber nette Eintr\u00e4ge in unserem G\u00e4stebuch w\u00fcrden wir uns sehr freuen, schon vorab vielen\u00a0herzlichen Dank! Gr\u00fc\u00dfe Heidi und Thomas.<\/p>\n<p>&nbsp;<\/p>\n<div class=\"gwolle-gb\"><div class=\"gwolle_gb_messages_top_container\"><\/div>\n\t\t\t<div class=\"gwolle-gb-write-button\">\n\t\t\t\t<input type=\"button\" name=\"gwolle-gb-write-button\" class=\"button btn btn-default \" value=\"&raquo; Neuen Eintrag schreiben\" \/>\n\t\t\t<\/div>\n\t\t\t<form action=\"#\" method=\"POST\" class=\"gwolle-gb-write gwolle-gb-hide gwolle-gb-float gwolle_gb_form_ajax gwolle-gb-form-ajax\">\n\t\t\t\t<h3>Neuen Eintrag f\u00fcr das G\u00e4stebuch verfassen<\/h3>\n\t\t\t\t<button type=\"button\" class=\"gb-notice-dismiss\">x<span class=\"screen-reader-text\">Dieses Formular ausblenden<\/span><\/button>\n\t\t\t\n\t\t\t\t<input type=\"hidden\" name=\"gwolle_gb_function\" class=\"gwolle_gb_function\" value=\"add_entry\" \/><input type=\"hidden\" name=\"gwolle_gb_book_id\" class=\"gwolle_gb_book_id\" value=\"1\" \/><div class=\"gwolle_gb_8a86729176ba54f2ffa47f5047b9a0ec\">\n\t\t\t\t<div class=\"label\"><label for=\"gwolle_gb_8a86729176ba54f2ffa47f5047b9a0ec\" class=\"text-info\">Name *<\/label><\/div>\n\t\t\t\t<div class=\"input\"><input class=\"wp-exclude-emoji gwolle_gb_8a86729176ba54f2ffa47f5047b9a0ec\" value=\"\" type=\"text\" name=\"gwolle_gb_8a86729176ba54f2ffa47f5047b9a0ec\" required \/><\/div>\n\t\t\t<\/div>\n\t\t\t<div class=\"clearBoth\">&nbsp;<\/div><div class=\"gwolle_gb_55716ae99dab21bcf2f2baba66180e85\">\n\t\t\t\t<div class=\"label\"><label for=\"gwolle_gb_55716ae99dab21bcf2f2baba66180e85\" class=\"text-info\">E-Mail<\/label><\/div>\n\t\t\t\t<div class=\"input\"><input class=\"gwolle_gb_55716ae99dab21bcf2f2baba66180e85\" value=\"\" type=\"text\" name=\"gwolle_gb_55716ae99dab21bcf2f2baba66180e85\" \/><\/div>\n\t\t\t<\/div>\n\t\t\t<div class=\"clearBoth\">&nbsp;<\/div>\n\t\t\t<div class=\"gwolle_gb_b52f8b8f1ebf0835560c8ef8320fe6ee\" style=\"display:none;\">\n\t\t\t\t<div class=\"label\">\n\t\t\t\t\t<label for=\"gwolle_gb_b52f8b8f1ebf0835560c8ef8320fe6ee\" class=\"text-primary\">Hier nichts eingeben<\/label>\n\t\t\t\t\t<label for=\"gwolle_gb_e380f1fb8247964dd9745dc2663622cd\" class=\"text-primary\">Hier nichts eingeben<\/label>\n\t\t\t\t<\/div>\n\t\t\t\t<div class=\"input\">\n\t\t\t\t\t<input value=\"36\" type=\"text\" name=\"gwolle_gb_b52f8b8f1ebf0835560c8ef8320fe6ee\" class=\"gwolle_gb_b52f8b8f1ebf0835560c8ef8320fe6ee\" \/>\n\t\t\t\t\t<input value=\"\" type=\"text\" name=\"gwolle_gb_e380f1fb8247964dd9745dc2663622cd\" class=\"gwolle_gb_e380f1fb8247964dd9745dc2663622cd\" \/>\n\t\t\t\t<\/div>\n\t\t\t<\/div>\n\t\t\t<div class=\"clearBoth\"><\/div>\n\t\t\t<div class=\"gwolle_gb_7235f81533c90f3fc583a110c8ed3aad\" style=\"display:none;\">\n\t\t\t\t<div class=\"label\">\n\t\t\t\t\t<label for=\"gwolle_gb_7235f81533c90f3fc583a110c8ed3aad\" class=\"text-primary\">Hier nichts eingeben<\/label>\n\t\t\t\t\t<label for=\"gwolle_gb_49b098dc68c52dafa112fb8cbf9f4391\" class=\"text-primary\">Hier nichts eingeben<\/label>\n\t\t\t\t<\/div>\n\t\t\t\t<div class=\"input\">\n\t\t\t\t\t<input value=\"42431\" type=\"text\" name=\"gwolle_gb_7235f81533c90f3fc583a110c8ed3aad\" class=\"gwolle_gb_7235f81533c90f3fc583a110c8ed3aad\" \/>\n\t\t\t\t\t<input value=\"42431\" type=\"text\" name=\"gwolle_gb_49b098dc68c52dafa112fb8cbf9f4391\" class=\"gwolle_gb_49b098dc68c52dafa112fb8cbf9f4391\" \/>\n\t\t\t\t<\/div>\n\t\t\t<\/div>\n\t\t\t<div class=\"clearBoth\"><\/div><div class=\"gwolle_gb_content\">\n\t\t\t\t<div class=\"label\"><label for=\"gwolle_gb_content\" class=\"text-info\">G\u00e4stebucheintrag *<\/label><\/div>\n\t\t\t\t<div class=\"input\"><textarea name=\"gwolle_gb_content\" class=\"gwolle_gb_content wp-exclude-emoji\" required ><\/textarea><\/div>\n\t\t\t\t<\/div>\n\t\t\t<div class=\"clearBoth\">&nbsp;<\/div><input type=\"hidden\" class=\"gwolle_gb_fde8ee19bce644aaeeefb1000e912aa9\" name=\"gwolle_gb_fde8ee19bce644aaeeefb1000e912aa9\" value=\"97196cec5f\" \/>\n\t\t\t<div class=\"gwolle_gb_messages_bottom_container\"><\/div>\n\n\t\t\t<noscript><div class=\"no-js\">Warnung: Dieses Formular kann nur verwendet werden, wenn in deinem Browser JavaScript aktiviert ist.<\/div><\/noscript>\n\n\t\t\t<div class=\"gwolle_gb_submit\">\n\t\t\t\t<div class=\"label gwolle-gb-invisible text-muted\">&nbsp;<\/div>\n\t\t\t\t<div class=\"input\">\n\t\t\t\t\t<input type=\"submit\" name=\"gwolle_gb_submit\" class=\"gwolle_gb_submit button btn btn-primary \" value=\"Absenden\" \/>\n\t\t\t\t\t<span class=\"gwolle_gb_submit_ajax_icon\"><\/span>\n\t\t\t\n\t\t\t\t<\/div>\n\t\t\t<\/div>\n\t\t\t<div class=\"clearBoth\">&nbsp;<\/div>\n\n\t\t\t<div class=\"gwolle_gb_notice\">\n\t\t\t\tDeine E-Mail Adresse wird nicht ver\u00f6ffentlicht.<br \/>\r\nWir behalten uns das Recht vor, Eintr\u00e4ge zu l\u00f6schen oder zu bearbeiten.\n\t\t\t<\/div><\/form><div class=\"gwolle-gb-read \" data-book_id=\"1\"><div id=\"gwolle-gb-total\">3 Eintr\u00e4ge<\/div><!-- Gwolle-GB Entry: Default Template Loaded -->\n\t\t\t\t<div class=\"gb-entry gb-entry_10088 gb-entry-count_1 gwolle_gb_uneven gwolle-gb-uneven gwolle_gb_first gwolle-gb-first\">\n\t\t\t\t\t<div class=\"gb-author-info\">\n\t\t\t\t\t\t<span class=\"gb-author-avatar\"><img referrerpolicy=\"no-referrer\" alt='Familie Wissler mit Pina' src='http:\/\/2.gravatar.com\/avatar\/e51a7c452170fc9a589f235820699759?s=32&#038;d=mm&#038;r=g' srcset='http:\/\/2.gravatar.com\/avatar\/e51a7c452170fc9a589f235820699759?s=64&#038;d=mm&#038;r=g 2x' class='avatar avatar-32 photo' height='32' width='32' loading='lazy'\/><\/span>\n\t\t\t\t\t\t<span class=\"gb-author-name\">Familie Wissler mit Pina\n\t\t\t\t\t\t<\/span>\n\t\t\t\t\t\t<span class=\"gb-datetime\">\n\t\t\t\t\t\t\t<span class=\"gb-date\"><span class=\"gb-date-wrote-text\"> schrieb am<\/span><span class=\"gb-date-text\"> 3. August 2018<\/span>\n\t\t\t\t\t\t\t<\/span><span class=\"gb-time\">\n\t\t\t\t\t\t\t\t\t<span class=\"gb-time-at-text\"> um<\/span>\n\t\t\t\t\t\t\t\t\t<span class=\"gb-time-text\"> 14:44<\/span>\n\t\t\t\t\t\t\t\t<\/span>\n\t\t\t\t\t\t<\/span> \n\t\t\t\t\t<\/div>\n\t\t\t\t\t<div class=\"gb-entry-content\">Was gibt es Sch\u00f6neres, als dass sich Mensch und sein Begleiter (bei uns H\u00fcndin) wohl f\u00fchlen?!\nEin herziges &#039;H\u00e4usle&#039;, das mit Liebe eingerichtet ist und einen grossen Garten, wo alle auf ihre Kosten kommen - Urlaub pur. Wir kommen sehr gerne wieder!\nMonika &amp; Sven mit Pina\n\t\t\t\t\t<\/div>\n\t\t\t<\/div>\n\t\t\t<div class=\"gb-entry gb-entry_90 gb-entry-count_2 gwolle_gb_even gwolle-gb-even\">\n\t\t\t\t\t<div class=\"gb-author-info\">\n\t\t\t\t\t\t<span class=\"gb-author-avatar\"><img referrerpolicy=\"no-referrer\" alt='Alfred Marschall' src='http:\/\/2.gravatar.com\/avatar\/8a3024ef465961c3eae5dafed64ef50d?s=32&#038;d=mm&#038;r=g' srcset='http:\/\/2.gravatar.com\/avatar\/8a3024ef465961c3eae5dafed64ef50d?s=64&#038;d=mm&#038;r=g 2x' class='avatar avatar-32 photo' height='32' width='32' loading='lazy'\/><\/span>\n\t\t\t\t\t\t<span class=\"gb-author-name\">Alfred Marschall\n\t\t\t\t\t\t<\/span>\n\t\t\t\t\t\t<span class=\"gb-datetime\">\n\t\t\t\t\t\t\t<span class=\"gb-date\"><span class=\"gb-date-wrote-text\"> schrieb am<\/span><span class=\"gb-date-text\"> 12. Oktober 2015<\/span>\n\t\t\t\t\t\t\t<\/span><span class=\"gb-time\">\n\t\t\t\t\t\t\t\t\t<span class=\"gb-time-at-text\"> um<\/span>\n\t\t\t\t\t\t\t\t\t<span class=\"gb-time-text\"> 11:33<\/span>\n\t\t\t\t\t\t\t\t<\/span>\n\t\t\t\t\t\t<\/span> \n\t\t\t\t\t<\/div>\n\t\t\t\t\t<div class=\"gb-entry-content\">Das Ferienhaus ist ganz toll ausgestattet, hier kann man sich wirklich gut erholen und  f\u00fchlt sich hier sofort zu Hause. Man kann sch\u00f6ne Ausfl\u00fcge machen, ist schnell am Bodensee oder wer gerne wandert auch schnell in den Bergen.\r\nHeidi und Thomas das Ferienhaus ist Euch ganz toll gelungen, weiter so.\r\nLiebe Gr\u00fc\u00dfe\r\nAlfred\n\t\t\t\t\t<\/div>\n\t\t\t<\/div>\n\t\t\t<div class=\"gb-entry gb-entry_1 gb-entry-count_3 gwolle_gb_uneven gwolle-gb-uneven\">\n\t\t\t\t\t<div class=\"gb-author-info\">\n\t\t\t\t\t\t<span class=\"gb-author-avatar\"><img referrerpolicy=\"no-referrer\" alt='Marc' src='http:\/\/1.gravatar.com\/avatar\/752b21d17525d052801956009c70ed29?s=32&#038;d=mm&#038;r=g' srcset='http:\/\/1.gravatar.com\/avatar\/752b21d17525d052801956009c70ed29?s=64&#038;d=mm&#038;r=g 2x' class='avatar avatar-32 photo' height='32' width='32' loading='lazy'\/><\/span>\n\t\t\t\t\t\t<span class=\"gb-author-name\"><i class=\"gb-moderator\">Marc<\/i>\n\t\t\t\t\t\t<\/span>\n\t\t\t\t\t\t<span class=\"gb-datetime\">\n\t\t\t\t\t\t\t<span class=\"gb-date\"><span class=\"gb-date-wrote-text\"> schrieb am<\/span><span class=\"gb-date-text\"> 17. Juli 2015<\/span>\n\t\t\t\t\t\t\t<\/span><span class=\"gb-time\">\n\t\t\t\t\t\t\t\t\t<span class=\"gb-time-at-text\"> um<\/span>\n\t\t\t\t\t\t\t\t\t<span class=\"gb-time-text\"> 16:02<\/span>\n\t\t\t\t\t\t\t\t<\/span>\n\t\t\t\t\t\t<\/span> \n\t\t\t\t\t<\/div>\n\t\t\t\t\t<div class=\"gb-entry-content\">Sehr sehr sch\u00f6n und herlich erholsam! Ich kann das Ferienhaus nur weiterempfehlen. Danke nochmals an Heidi und Thomas!\n\t\t\t\t\t<\/div>\n\t\t\t<\/div>\n\t\t\t<\/div><\/div>\n","protected":false},"excerpt":{"rendered":"<p>\u00dcber nette Eintr\u00e4ge in unserem G\u00e4stebuch w\u00fcrden wir uns sehr freuen, schon vorab vielen\u00a0herzlichen Dank! Gr\u00fc\u00dfe Heidi und Thomas. &nbsp;<\/p>\n","protected":false},"author":1,"featured_media":0,"parent":0,"menu_order":0,"comment_status":"open","ping_status":"open","template":"","meta":[],"_links":{"self":[{"href":"http:\/\/ferienhaus-aulendorf.info\/index.php\/wp-json\/wp\/v2\/pages\/20"}],"collection":[{"href":"http:\/\/ferienhaus-aulendorf.info\/index.php\/wp-json\/wp\/v2\/pages"}],"about":[{"href":"http:\/\/ferienhaus-aulendorf.info\/index.php\/wp-json\/wp\/v2\/types\/page"}],"author":[{"embeddable":true,"href":"http:\/\/ferienhaus-aulendorf.info\/index.php\/wp-json\/wp\/v2\/users\/1"}],"replies":[{"embeddable":true,"href":"http:\/\/ferienhaus-aulendorf.info\/index.php\/wp-json\/wp\/v2\/comments?post=20"}],"version-history":[{"count":9,"href":"http:\/\/ferienhaus-aulendorf.info\/index.php\/wp-json\/wp\/v2\/pages\/20\/revisions"}],"predecessor-version":[{"id":213,"href":"http:\/\/ferienhaus-aulendorf.info\/index.php\/wp-json\/wp\/v2\/pages\/20\/revisions\/213"}],"wp:attachment":[{"href":"http:\/\/ferienhaus-aulendorf.info\/index.php\/wp-json\/wp\/v2\/media?parent=20"}],"curies":[{"name":"wp","href":"https:\/\/api.w.org\/{rel}","templated":true}]}}